posite?
False
Let b be (-3)/9 + (-16)/6. Let p = 3 - b. Suppose 0*s + 894 = p*s. Is s composite?
False
Suppose -4*a + 7*a - 116 = -5*j, 4*a = -3*j + 151. Is a a composite number?
False
Let l(g) = 6*g**2 + 4*g + 2. Let u be l(5). Suppose -u = 22*d - 26*d. Is d composite?
False
Is ((-846045)/6 + -4)*-2 a prime number?
False
Let d = 4421 + -730. Is d a prime number?
True
Let v(i) = i**3 - 11*i**2 + 17*i + 9. Let u be v(9). Suppose 7*x - 1239 - 6860 = u. Is x a composite number?
True
Suppose 0 = 5*i + 2*t - 20, 5*i - 20 = -2*t + t. Suppose 4*x = 5*o + 1888 + 962, 0 = -2*o + i. Suppose -6*w + x = -w. Is w a composite number?
True
Let o(d) = 7*d**3 + 13*d**2 - 3*d - 12. Is o(9) composite?
True
Let f(z) = z**3 - 6*z**2 + 3*z + 6. Let s be f(6). Let t = -1 + s. Is t a prime number?
True
Let y(s) = -83*s - 216. Is y(-10) a composite number?
True
Is (137267/26)/(15/(-6) - -3) prime?
True
Let k(x) = 2*x**3 - 20*x**2 + 69*x + 8. Is k(15) a composite number?
True
Let m = -497 + 1130. Suppose 4*l - c + 0*c - m = 0, 4*l - 631 = -c. Is l a composite number?
True
Let d = -4 + 6. Suppose 0 = d*n + 244 + 314. Let v = -158 - n. Is v a composite number?
True
Let o be (-3)/12 + (-6308)/(-16) + -4. Suppose -5*f + 1257 = 2*g, g - 364 = -3*f + o. Is f a prime number?
True
Let i(l) = 2*l**3 - 9*l**2 + 19*l - 7. Let p(y) = -3*y**3 + 14*y**2 - 28*y + 10. Let g(q) = 7*i(q) + 5*p(q). Let b be 2/(-7) + 80/(-14). Is g(b) a prime number?
False
Suppose 6*p + 4 = 16. Suppose -5*c = -3*c + d - 533, p*c = 3*d + 537. Is c a composite number?
True
Let p = 6 + 2. Let b(y) = y + 25. Let n be b(-7). Let w = n + p. Is w prime?
False
Let l = 25 + -21. Suppose -3*a = -10 + l. Is a + (0 - 1) + 88 composite?
False
Suppose 0 = -9*c + 6*c + 15. Suppose 0 = 3*g + 3*r - 4 - c, 7 = 5*g - 3*r. Is (2 - (-57)/6)*g a prime number?
True
Let u(t) = -4*t**2 - 2*t - 4. Let d be u(-12). Let g = 447 - d. Is g a prime number?
False
Let k(y) = 1 + y**2 + 0*y**2 - 141*y**3 + 3*y - 4*y + 3*y. Is k(-1) a prime number?
False
Let d(j) = 6*j. Let c(a) = -3*a. Let u(f) = -7*c(f) - 3*d(f). Let q be u(-3). Is (5523/q)/7*-3 prime?
True
Suppose -5*k = 3*g - 44, 0 = -0*k + k - 3*g + 2. Is k composite?
False
Let w = 4576 + -2439. Is w composite?
False
Let k be 0 - 0 - -7 - 1. Suppose -2*w = k, 4*q + 312 = -2*w + 902. Is q a prime number?
True
Suppose 23*w - 28*w = -50. Is 3288/w + (-12)/(-60) a composite number?
True
Suppose y - q - 1047 = 0, 2*q - 5200 = -11*y + 6*y. Is y a prime number?
False
Suppose 0 = 2*s - j + 5, -j - 14 = 3*s + 6. Let c(t) = -16*t + 2. Is c(s) composite?
True
Let q = -418 - -620. Suppose -k = -q - 255. Is k a composite number?
False
Let t be (-258)/(-4) - (-1)/2. Let o be 99/21 + (-24)/14 + 2. Suppose -30 = -o*m + t. Is m a composite number?
False
Let r = 497 + 15230. Is r composite?
False
Suppose -10879 = 12*a - 1063. Suppose -5*y + 0*y + t - 13 = 0, -5*y - 5*t = 25. Is a*(-2 + y/(-2)) a composite number?
False
Suppose -286 = -7*v - 1238. Suppose -2*k + 4*c - 294 = 172, -5*k = 2*c + 1129. Let p = v - k. Is p prime?
False
Suppose 0 = 36*s - 31*s - 15. Suppose s*l - 1724 = -53. Is l prime?
True
Let a be 3/12 - ((-19)/4 + 4). Suppose -8*s = -4*v - 4*s + 89640, 6 = -2*s. Is a/(-4) + v/44 a composite number?
False
Let a be 133/9 - (-8)/36. Suppose 0 = 2*i - 7*i - a. Is 149*-3*i/9 a composite number?
False
Let g(h) = -130*h - 83. Is g(-37) a prime number?
False
Let i(f) = 17*f**2 + 5*f. Let c be i(-5). Let u = c - -131. Suppose -8*p + 5*p + u = 0. Is p composite?
True
Suppose 4*k = 6*k. Suppose 3*z - 3*d - 18 = 0, 10 = -k*z - z - 3*d. Is z/10 - 294/(-5) a prime number?
True
Suppose u - 12 = 3*u. Let r be -2*u/4*138. Suppose 3*d + r = 3*m, 2*m - 4*d - d - 261 = 0. Is m a composite number?
True
Suppose -3*m = -4 + 7, 0 = -3*g + 4*m - 143. Suppose 4*f - 2*b + b = -56, 0 = -5*b. Is 14/g + (-690)/f prime?
False
Let t(p) = -4*p - 5. Let w be t(-2). Suppose 4*n + 391 = o, -5*o + 1955 = -n - w*n. Is o a composite number?
True
Let a(b) = b**2 - 5*b + 8. Let v be a(3). Suppose -v*d + 0*d = -2*f + 2202, -5*f + 5505 = 2*d. Is f a composite number?
True
Is (790544/48)/(5/15) a prime number?
True
Suppose -6*w + 2*w = -2308. Suppose 3*k - 2973 - w = -5*b, 3530 = 5*b - k. Is b composite?
True
Let h be 1/(3/(14 - 5)). Suppose 0 = 5*n + 5*j - 2240, 0*j - h*j = 5*n - 2246. Is n composite?
True
Let p be (33/(-44))/((-3)/8). Suppose 0 = 5*c - 10, 1503 = 3*t + c + p*c. Is t a composite number?
False
Suppose o + 5*s - 11101 = -2*o, -3*o + 11108 = -2*s. Let z = o + -2143. Is z a composite number?
False
Let y = 42 + -59. Let o(i) = i**3 + 16*i**2 + 18*i + 13. Let f be o(-15). Let z = y - f. Is z a prime number?
False
Is 118/8*502 - (-15)/(-10) a prime number?
False
Suppose z - 205 - 111 = 0. Suppose -a + 5*r = -346, -r - 4*r = a - z. Is a prime?
True
Let j(x) = 31*x**2 + 7*x + 9. Let g = -40 - -35. Is j(g) a prime number?
False
Suppose -156618 = -9*x - 7047. Is x composite?
False
Let l = -393 + 728. Let f = l + -100. Is f a prime number?
False
Let r(k) = 185*k**2 + 11*k + 11. Is r(-9) a composite number?
False
Suppose -48673 = -6*h - 16387. Is h a prime number?
True
Suppose 3*n + 2*n = 54005. Is n composite?
True
Let g(m) = 19*m**3 - m**2 - 37*m + 470. Is g(13) a composite number?
True
Let h be 4 - -3*4/(-6). Let l be (-2)/(-2)*0/(-13). Is h + (-171)/(-3 - l) a composite number?
False
Let n(h) be the third derivative of -13*h**6/120 - h**4/24 - h**3/6 - 7*h**2. Let z be n(-1). Let y(a) = a**2 + 6*a + 4. Is y(z) a prime number?
True
Suppose 3*j - 6*f + 4*f - 23 = 0, j + 2*f - 13 = 0. Suppose 0 = -16*v + j*v + 833. Is v a composite number?
True
Let r(a) = 2853*a + 148. Is r(11) prime?
True
Suppose 9*b = 12*b - 60471. Is b a prime number?
False
Is (37422 - -1) + (90/10 - 3) a prime number?
False
Let j = -13 + 15. Suppose 5 = -j*n - 3. Let b(r) = 12*r**2 - 5*r - 1. Is b(n) composite?
False
Let c(p) = 71*p**2 + 13*p - 1. Is c(6) prime?
True
Suppose h + 318 = 2*j, h = -4*h - 5*j - 1545. Let z = 790 + h. Suppose -3*p + z = -401. Is p composite?
False
Suppose 20*m - 56083 = 20337. Is m a composite number?
False
Let n(y) = 532*y**2 + 4*y - 13. Let a be n(4). Suppose a = 5*p + 5*v, 5*p - 5*v + 0*v = 8515. Is p a composite number?
True
Let h = 11 - 19. Let y(o) = -48*o + 10. Is y(h) a prime number?
False
Suppose 3*g - 8 = -g. Let t(z) = z**2 - z + 3. Let j be t(g). Is j/(-10) - 287/(-2) a composite number?
True
Suppose -5*b + 20 = 4*v, 0 = -0*b + 4*b + 4*v - 20. Suppose a + 4*a - 2425 = b. Let y = -291 + a. Is y composite?
True
Suppose -6*l - 4*u - 4 = -2*l, 0 = -5*l - 3*u + 5. Suppose 2*c = -s - 6, -5*s - 2*c + c - 21 = 0. Is (-295)/s - (-1)/l a prime number?
False
Suppose -20*z + 371 = -13*z. Is z a prime number?
True
Let v = 52806 + -28835. Is v a composite number?
False
Let j = 518 + -348. Suppose -j = -6*c + 178. Is c a composite number?
True
Let t = -375 - -63. Let a = t + 638. Suppose -2*r = -2*n + a, -5*n - r = 3*r - 797. Is n composite?
True
Let s(w) = -w**3 + w**2 - 225. Let t be s(0). Let b be (-140)/(-6) + (-20)/(-30). Let i = b - t. Is i composite?
True
Suppose 4*n - 117671 = -3*k + 16814, 134470 = 4*n - 2*k. Is n a composite number?
False
Let g be 306*((-2)/(-4) - 3/2). Is (5 - g)*(1 - 3*-2) a prime number?
False
Let y(z) = -6*z**2 + 18*z + 3. Let k be y(3). Let m(x) = 106*x**2 - 4*x + 1. Is m(k) a prime number?
False
Suppose 0 = 2*i - 74154 + 23308. Is i a composite number?
False
Let o(t) = -t**2 - 17*t + 12. Let i be o(-18). Is (-4402)/(-6) - (-4)/i a prime number?
True
Let d = -12 - -16. Is (-586)/d*(2 - 4) prime?
True
Suppose 0 = -6*q - 7226 - 2098. Is (30/45)/((-4)/q) a prime number?
False
Suppose -9*c = -3929 - 5170. Let g = c + 1694. Is g prime?
False
Let s(p) = -76*p**3 - 5*p**2 + 4. Let c be s(5). Let w = c + 13814. Is w a prime number?
False
Let y(q) = 111*q**3 - 33*q**2 + 12*q - 19. Is y(7) a prime number?
False
Let k(s) = 2*s**2 + 2*s - 1. Let y(b) = -3 - b**2 + 1 - 3*b + 2*b**2 + 0*b**2. Let x be y(-2). Is k(x) prime?
False
Is (1 + 2096/3)*(4 + -1) prime?
True
Suppose 2*r = 26 - 16, -2717 = -2*k + r. Is k a composite number?
False
Let l = 24222 - 1105. Is l a composite number?
False
Suppose 61*s + 149418 = 115*s. Is s prime?
True
Is (-2 + 6)*7795/20 a composite number?
False
Suppose 227*j - 225*j = 1954.